{"id":31758,"date":"2024-05-22T15:26:47","date_gmt":"2024-05-22T13:26:47","guid":{"rendered":"https:\/\/www.chiavariturismo.it\/?page_id=31758"},"modified":"2024-05-22T15:26:47","modified_gmt":"2024-05-22T13:26:47","slug":"economic-forum-giannini","status":"publish","type":"page","link":"https:\/\/www.chiavariturismo.it\/en\/economic-forum-giannini\/","title":{"rendered":"L\u2019Economic Forum Giannini"},"content":{"rendered":"<div class=\"wpb-content-wrapper\">[vc_row][vc_column css_animation=&#8221;none&#8221;][vc_empty_space height=&#8221;20px&#8221; el_class=&#8221;none&#8221;][vc_row_inner][vc_column_inner width=&#8221;1\/4&#8243;][\/vc_column_inner][vc_column_inner width=&#8221;1\/2&#8243;][vc_single_image image=&#8221;31755&#8243; img_size=&#8221;full&#8221; alignment=&#8221;center&#8221; css=&#8221;&#8221;][\/vc_column_inner][vc_column_inner width=&#8221;1\/4&#8243;][\/vc_column_inner][\/vc_row_inner][vc_column_text css=&#8221;&#8221; css_animation=&#8221;none&#8221;]L\u2019<strong>Economic Forum Giannini<\/strong>, nato nel 2020, affronta ed interpreta gli scenari economici, le realt\u00e0, le tendenze e le prospettive future del territorio, \u00e8 considerato come il pi\u00f9 importante summit del Tigullio nell\u2019ambito dell\u2019economia. Il prestigio di questo evento, dedicato al banchiere ed imprenditore Amadeo Peter Giannini originario di Favale di Malvaro che fond\u00f2 la <em>Bank of America<\/em>, \u00e8 legato sia all\u2019importanza delle tematiche trattate, sia al <em>parterre<\/em> di relatori che partecipano, come ad esempio esperti del settore, rappresentanti delle istituzioni politiche e locali nonch\u00e9 le organizzazioni di categoria. Oscar Farinetti, Carlo Petrini, Bartolomeo Salomone, Mario Deaglio, Alessandro Cannav\u00f2 e Marino Bartoletti sono i nomi di \u00a0alcuni dei grandi ospiti che si sono alternati nel corso delle varie edizioni. L\u2019EFG, con il suo carattere interattivo, ha dato spazio nel corso degli anni ad un ampio confronto e allo stesso tempo ha avviato nuovi progetti per la crescita del territorio, come la partecipazione del Tigullio alle selezioni per la <em>\u201c Capitale della Cultura 2024\u201d.<\/em>\r\n\r\nL\u2019evento, organizzato dall\u2019Assessorato al Turismo, si tiene ogni anno in primavera a Chiavari.[\/vc_column_text][vc_empty_space height=&#8221;20px&#8221; el_class=&#8221;none&#8221;][\/vc_column][\/vc_row]<\/div>","protected":false},"excerpt":{"rendered":"<p>[vc_row][vc_column css_animation=&#8221;none&#8221;][vc_empty_space height=&#8221;20px&#8221; el_class=&#8221;none&#8221;][vc_row_inner][vc_column_inner width=&#8221;1\/4&#8243;][\/vc_column_inner][vc_column_inner width=&#8221;1\/2&#8243;][vc_single_image image=&#8221;31755&#8243; img_size=&#8221;full&#8221; alignment=&#8221;center&#8221; css=&#8221;&#8221;][\/vc_column_inner][vc_column_inner width=&#8221;1\/4&#8243;][\/vc_column_inner][\/vc_row_inner][vc_column_text css=&#8221;&#8221; css_animation=&#8221;none&#8221;]L\u2019Economic Forum Giannini, nato nel 2020, affronta ed&#8230;<\/p>\n","protected":false},"author":2,"featured_media":0,"parent":0,"menu_order":0,"comment_status":"closed","ping_status":"closed","template":"","meta":{"footnotes":""},"class_list":["post-31758","page","type-page","status-publish"],"yoast_head":"<!-- This site is optimized with the Yoast SEO plugin v25.6 - https:\/\/yoast.com\/wordpress\/plugins\/seo\/ -->\n<title>L\u2019Economic Forum Giannini | Portale Ufficiale del Turismo Comune di Chiavari<\/title>\n<meta name=\"description\" content=\"Nato nel 2020, affronta ed interpreta gli scenari economici, le realt\u00e0, le tendenze e le prospettive future del territorio.\" \/>\n<meta name=\"robots\" content=\"index, follow, max-snippet:-1, max-image-preview:large, max-video-preview:-1\" \/>\n<link rel=\"canonical\" href=\"https:\/\/www.chiavariturismo.it\/en\/economic-forum-giannini\/\" \/>\n<meta property=\"og:locale\" content=\"en_US\" \/>\n<meta property=\"og:type\" content=\"article\" \/>\n<meta property=\"og:title\" content=\"L\u2019Economic Forum Giannini | Portale Ufficiale del Turismo Comune di Chiavari\" \/>\n<meta property=\"og:description\" content=\"Nato nel 2020, affronta ed interpreta gli scenari economici, le realt\u00e0, le tendenze e le prospettive future del territorio.\" \/>\n<meta property=\"og:url\" content=\"https:\/\/www.chiavariturismo.it\/en\/economic-forum-giannini\/\" \/>\n<meta property=\"og:site_name\" content=\"Portale Ufficiale del Turismo Comune di Chiavari\" \/>\n<meta property=\"article:publisher\" content=\"https:\/\/www.facebook.com\/comune.chiavari\/\" \/>\n<meta name=\"twitter:card\" content=\"summary_large_image\" \/>\n<meta name=\"twitter:label1\" content=\"Est. reading time\" \/>\n\t<meta name=\"twitter:data1\" content=\"2 minutes\" \/>\n<script type=\"application\/ld+json\" class=\"yoast-schema-graph\">{\"@context\":\"https:\/\/schema.org\",\"@graph\":[{\"@type\":\"WebPage\",\"@id\":\"https:\/\/www.chiavariturismo.it\/en\/economic-forum-giannini\/\",\"url\":\"https:\/\/www.chiavariturismo.it\/en\/economic-forum-giannini\/\",\"name\":\"L\u2019Economic Forum Giannini | Portale Ufficiale del Turismo Comune di Chiavari\",\"isPartOf\":{\"@id\":\"https:\/\/www.chiavariturismo.it\/en\/#website\"},\"datePublished\":\"2024-05-22T13:26:47+00:00\",\"description\":\"Nato nel 2020, affronta ed interpreta gli scenari economici, le realt\u00e0, le tendenze e le prospettive future del territorio.\",\"breadcrumb\":{\"@id\":\"https:\/\/www.chiavariturismo.it\/en\/economic-forum-giannini\/#breadcrumb\"},\"inLanguage\":\"en-US\",\"potentialAction\":[{\"@type\":\"ReadAction\",\"target\":[\"https:\/\/www.chiavariturismo.it\/en\/economic-forum-giannini\/\"]}]},{\"@type\":\"BreadcrumbList\",\"@id\":\"https:\/\/www.chiavariturismo.it\/en\/economic-forum-giannini\/#breadcrumb\",\"itemListElement\":[{\"@type\":\"ListItem\",\"position\":1,\"name\":\"Home\",\"item\":\"https:\/\/www.chiavariturismo.it\/en\/\"},{\"@type\":\"ListItem\",\"position\":2,\"name\":\"L\u2019Economic Forum Giannini\"}]},{\"@type\":\"WebSite\",\"@id\":\"https:\/\/www.chiavariturismo.it\/en\/#website\",\"url\":\"https:\/\/www.chiavariturismo.it\/en\/\",\"name\":\"Portale Ufficiale del Turismo Comune di Chiavari\",\"description\":\"Chiavari Turismo: scopri la nostra citt\u00e0\",\"publisher\":{\"@id\":\"https:\/\/www.chiavariturismo.it\/en\/#organization\"},\"potentialAction\":[{\"@type\":\"SearchAction\",\"target\":{\"@type\":\"EntryPoint\",\"urlTemplate\":\"https:\/\/www.chiavariturismo.it\/en\/?s={search_term_string}\"},\"query-input\":{\"@type\":\"PropertyValueSpecification\",\"valueRequired\":true,\"valueName\":\"search_term_string\"}}],\"inLanguage\":\"en-US\"},{\"@type\":\"Organization\",\"@id\":\"https:\/\/www.chiavariturismo.it\/en\/#organization\",\"name\":\"Comune di Chiavari\",\"url\":\"https:\/\/www.chiavariturismo.it\/en\/\",\"logo\":{\"@type\":\"ImageObject\",\"inLanguage\":\"en-US\",\"@id\":\"https:\/\/www.chiavariturismo.it\/en\/#\/schema\/logo\/image\/\",\"url\":\"https:\/\/www.chiavariturismo.it\/wp-content\/uploads\/2018\/10\/Chiavari-Stemma-logo.jpg\",\"contentUrl\":\"https:\/\/www.chiavariturismo.it\/wp-content\/uploads\/2018\/10\/Chiavari-Stemma-logo.jpg\",\"width\":100,\"height\":96,\"caption\":\"Comune di Chiavari\"},\"image\":{\"@id\":\"https:\/\/www.chiavariturismo.it\/en\/#\/schema\/logo\/image\/\"},\"sameAs\":[\"https:\/\/www.facebook.com\/comune.chiavari\/\"]}]}<\/script>\n<!-- \/ Yoast SEO plugin. -->","yoast_head_json":{"title":"L\u2019Economic Forum Giannini | Portale Ufficiale del Turismo Comune di Chiavari","description":"Nato nel 2020, affronta ed interpreta gli scenari economici, le realt\u00e0, le tendenze e le prospettive future del territorio.","robots":{"index":"index","follow":"follow","max-snippet":"max-snippet:-1","max-image-preview":"max-image-preview:large","max-video-preview":"max-video-preview:-1"},"canonical":"https:\/\/www.chiavariturismo.it\/en\/economic-forum-giannini\/","og_locale":"en_US","og_type":"article","og_title":"L\u2019Economic Forum Giannini | Portale Ufficiale del Turismo Comune di Chiavari","og_description":"Nato nel 2020, affronta ed interpreta gli scenari economici, le realt\u00e0, le tendenze e le prospettive future del territorio.","og_url":"https:\/\/www.chiavariturismo.it\/en\/economic-forum-giannini\/","og_site_name":"Portale Ufficiale del Turismo Comune di Chiavari","article_publisher":"https:\/\/www.facebook.com\/comune.chiavari\/","twitter_card":"summary_large_image","twitter_misc":{"Est. reading time":"2 minutes"},"schema":{"@context":"https:\/\/schema.org","@graph":[{"@type":"WebPage","@id":"https:\/\/www.chiavariturismo.it\/en\/economic-forum-giannini\/","url":"https:\/\/www.chiavariturismo.it\/en\/economic-forum-giannini\/","name":"L\u2019Economic Forum Giannini | Portale Ufficiale del Turismo Comune di Chiavari","isPartOf":{"@id":"https:\/\/www.chiavariturismo.it\/en\/#website"},"datePublished":"2024-05-22T13:26:47+00:00","description":"Nato nel 2020, affronta ed interpreta gli scenari economici, le realt\u00e0, le tendenze e le prospettive future del territorio.","breadcrumb":{"@id":"https:\/\/www.chiavariturismo.it\/en\/economic-forum-giannini\/#breadcrumb"},"inLanguage":"en-US","potentialAction":[{"@type":"ReadAction","target":["https:\/\/www.chiavariturismo.it\/en\/economic-forum-giannini\/"]}]},{"@type":"BreadcrumbList","@id":"https:\/\/www.chiavariturismo.it\/en\/economic-forum-giannini\/#breadcrumb","itemListElement":[{"@type":"ListItem","position":1,"name":"Home","item":"https:\/\/www.chiavariturismo.it\/en\/"},{"@type":"ListItem","position":2,"name":"L\u2019Economic Forum Giannini"}]},{"@type":"WebSite","@id":"https:\/\/www.chiavariturismo.it\/en\/#website","url":"https:\/\/www.chiavariturismo.it\/en\/","name":"Portale Ufficiale del Turismo Comune di Chiavari","description":"Chiavari Turismo: scopri la nostra citt\u00e0","publisher":{"@id":"https:\/\/www.chiavariturismo.it\/en\/#organization"},"potentialAction":[{"@type":"SearchAction","target":{"@type":"EntryPoint","urlTemplate":"https:\/\/www.chiavariturismo.it\/en\/?s={search_term_string}"},"query-input":{"@type":"PropertyValueSpecification","valueRequired":true,"valueName":"search_term_string"}}],"inLanguage":"en-US"},{"@type":"Organization","@id":"https:\/\/www.chiavariturismo.it\/en\/#organization","name":"Comune di Chiavari","url":"https:\/\/www.chiavariturismo.it\/en\/","logo":{"@type":"ImageObject","inLanguage":"en-US","@id":"https:\/\/www.chiavariturismo.it\/en\/#\/schema\/logo\/image\/","url":"https:\/\/www.chiavariturismo.it\/wp-content\/uploads\/2018\/10\/Chiavari-Stemma-logo.jpg","contentUrl":"https:\/\/www.chiavariturismo.it\/wp-content\/uploads\/2018\/10\/Chiavari-Stemma-logo.jpg","width":100,"height":96,"caption":"Comune di Chiavari"},"image":{"@id":"https:\/\/www.chiavariturismo.it\/en\/#\/schema\/logo\/image\/"},"sameAs":["https:\/\/www.facebook.com\/comune.chiavari\/"]}]}},"_links":{"self":[{"href":"https:\/\/www.chiavariturismo.it\/en\/wp-json\/wp\/v2\/pages\/31758","targetHints":{"allow":["GET"]}}],"collection":[{"href":"https:\/\/www.chiavariturismo.it\/en\/wp-json\/wp\/v2\/pages"}],"about":[{"href":"https:\/\/www.chiavariturismo.it\/en\/wp-json\/wp\/v2\/types\/page"}],"author":[{"embeddable":true,"href":"https:\/\/www.chiavariturismo.it\/en\/wp-json\/wp\/v2\/users\/2"}],"replies":[{"embeddable":true,"href":"https:\/\/www.chiavariturismo.it\/en\/wp-json\/wp\/v2\/comments?post=31758"}],"version-history":[{"count":2,"href":"https:\/\/www.chiavariturismo.it\/en\/wp-json\/wp\/v2\/pages\/31758\/revisions"}],"predecessor-version":[{"id":32203,"href":"https:\/\/www.chiavariturismo.it\/en\/wp-json\/wp\/v2\/pages\/31758\/revisions\/32203"}],"wp:attachment":[{"href":"https:\/\/www.chiavariturismo.it\/en\/wp-json\/wp\/v2\/media?parent=31758"}],"curies":[{"name":"wp","href":"https:\/\/api.w.org\/{rel}","templated":true}]}}

<div class="wpb-content-wrapper">[vc_row][vc_column css_animation=&#8221;none&#8221;][vc_empty_space height=&#8221;20px&#8221; el_class=&#8221;none&#8221;][vc_row_inner][vc_column_inner width=&#8221;1/4&#8243;][/vc_column_inner][vc_column_inner width=&#8221;1/2&#8243;][vc_single_image image=&#8221;31755&#8243; img_size=&#8221;full&#8221; alignment=&#8221;center&#8221; css=&#8221;&#8221;][/vc_column_inner][vc_column_inner width=&#8221;1/4&#8243;][/vc_column_inner][/vc_row_inner][vc_column_text css=&#8221;&#8221; css_animation=&#8221;none&#8221;]L’<strong>Economic Forum Giannini</strong>, nato nel 2020, affronta ed interpreta gli scenari economici, le realtà, le tendenze e le prospettive future del territorio, è considerato come il più importante summit del Tigullio nell’ambito dell’economia. Il prestigio di questo evento, dedicato al banchiere ed imprenditore Amadeo Peter Giannini originario di Favale di Malvaro che fondò la <em>Bank of America</em>, è legato sia all’importanza delle tematiche trattate, sia al <em>parterre</em> di relatori che partecipano, come ad esempio esperti del settore, rappresentanti delle istituzioni politiche e locali nonché le organizzazioni di categoria. Oscar Farinetti, Carlo Petrini, Bartolomeo Salomone, Mario Deaglio, Alessandro Cannavò e Marino Bartoletti sono i nomi di  alcuni dei grandi ospiti che si sono alternati nel corso delle varie edizioni. L’EFG, con il suo carattere interattivo, ha dato spazio nel corso degli anni ad un ampio confronto e allo stesso tempo ha avviato nuovi progetti per la crescita del territorio, come la partecipazione del Tigullio alle selezioni per la <em>“ Capitale della Cultura 2024”.</em>

L’evento, organizzato dall’Assessorato al Turismo, si tiene ogni anno in primavera a Chiavari.[/vc_column_text][vc_empty_space height=&#8221;20px&#8221; el_class=&#8221;none&#8221;][/vc_column][/vc_row]</div>

<!-- This site is optimized with the Yoast SEO plugin v25.6 - https://yoast.com/wordpress/plugins/seo/ -->
<title>L’Economic Forum Giannini | Portale Ufficiale del Turismo Comune di Chiavari</title>
<meta name="description" content="Nato nel 2020, affronta ed interpreta gli scenari economici, le realtà, le tendenze e le prospettive future del territorio." />
<meta name="robots" content="index, follow, max-snippet:-1, max-image-preview:large, max-video-preview:-1" />
<link rel="canonical" href="https://www.chiavariturismo.it/en/economic-forum-giannini/" />
<meta property="og:locale" content="en_US" />
<meta property="og:type" content="article" />
<meta property="og:title" content="L’Economic Forum Giannini | Portale Ufficiale del Turismo Comune di Chiavari" />
<meta property="og:description" content="Nato nel 2020, affronta ed interpreta gli scenari economici, le realtà, le tendenze e le prospettive future del territorio." />
<meta property="og:url" content="https://www.chiavariturismo.it/en/economic-forum-giannini/" />
<meta property="og:site_name" content="Portale Ufficiale del Turismo Comune di Chiavari" />
<meta property="article:publisher" content="https://www.facebook.com/comune.chiavari/" />
<meta name="twitter:card" content="summary_large_image" />
<meta name="twitter:label1" content="Est. reading time" />
	<meta name="twitter:data1" content="2 minutes" />
<script type="application/ld+json" class="yoast-schema-graph">{"@context":"https://schema.org","@graph":[{"@type":"WebPage","@id":"https://www.chiavariturismo.it/en/economic-forum-giannini/","url":"https://www.chiavariturismo.it/en/economic-forum-giannini/","name":"L’Economic Forum Giannini | Portale Ufficiale del Turismo Comune di Chiavari","isPartOf":{"@id":"https://www.chiavariturismo.it/en/#website"},"datePublished":"2024-05-22T13:26:47+00:00","description":"Nato nel 2020, affronta ed interpreta gli scenari economici, le realtà, le tendenze e le prospettive future del territorio.","breadcrumb":{"@id":"https://www.chiavariturismo.it/en/economic-forum-giannini/#breadcrumb"},"inLanguage":"en-US","potentialAction":[{"@type":"ReadAction","target":["https://www.chiavariturismo.it/en/economic-forum-giannini/"]}]},{"@type":"BreadcrumbList","@id":"https://www.chiavariturismo.it/en/economic-forum-giannini/#breadcrumb","itemListElement":[{"@type":"ListItem","position":1,"name":"Home","item":"https://www.chiavariturismo.it/en/"},{"@type":"ListItem","position":2,"name":"L’Economic Forum Giannini"}]},{"@type":"WebSite","@id":"https://www.chiavariturismo.it/en/#website","url":"https://www.chiavariturismo.it/en/","name":"Portale Ufficiale del Turismo Comune di Chiavari","description":"Chiavari Turismo: scopri la nostra città","publisher":{"@id":"https://www.chiavariturismo.it/en/#organization"},"potentialAction":[{"@type":"SearchAction","target":{"@type":"EntryPoint","urlTemplate":"https://www.chiavariturismo.it/en/?s={search_term_string}"},"query-input":{"@type":"PropertyValueSpecification","valueRequired":true,"valueName":"search_term_string"}}],"inLanguage":"en-US"},{"@type":"Organization","@id":"https://www.chiavariturismo.it/en/#organization","name":"Comune di Chiavari","url":"https://www.chiavariturismo.it/en/","logo":{"@type":"ImageObject","inLanguage":"en-US","@id":"https://www.chiavariturismo.it/en/#/schema/logo/image/","url":"https://www.chiavariturismo.it/wp-content/uploads/2018/10/Chiavari-Stemma-logo.jpg","contentUrl":"https://www.chiavariturismo.it/wp-content/uploads/2018/10/Chiavari-Stemma-logo.jpg","width":100,"height":96,"caption":"Comune di Chiavari"},"image":{"@id":"https://www.chiavariturismo.it/en/#/schema/logo/image/"},"sameAs":["https://www.facebook.com/comune.chiavari/"]}]}</script>
<!-- / Yoast SEO plugin. -->

Nato nel 2020, affronta ed interpreta gli scenari economici, le realtà, le tendenze e le prospettive future del territorio.

Chiavari Turismo: scopri la nostra città
